e
Let w(n) = 293*n + 28. Let x be (-195)/(-60) + (-2)/8. Is w(x) composite?
False
Let y(l) = 633*l + 122. Is y(7) a composite number?
True
Suppose 5*g + j - 25352 = 8450, 0 = j + 3. Is g composite?
False
Suppose p = 5*c - 5491, 0*p = 3*c - 3*p - 3285. Suppose -1229 = -12*j + c. Is j a composite number?
True
Let q = 7 - 3. Let a(u) = 10*u**2 - 50*u. Let b be a(5). Suppose q*s = g - 22, b*g - 4*s + 30 = g. Is g a prime number?
False
Suppose 0 = 108*n - 71*n - 604913. Is n a prime number?
True
Let b = -2989 + 4524. Is b a composite number?
True
Is 8418 - (1 - (0 - (-4)/2)) a prime number?
True
Let s be (-4)/(-8) - 2869/(-2). Suppose -2*w + s = 5*w. Is w composite?
True
Suppose 10*d - 15*d + 15 = 0. Is (12/(-8))/(3/(-1828)) - d prime?
True
Let u = -25 - -27. Suppose -3*y + 4*m = 15 - 0, -u*y - 5*m + 13 = 0. Let n(j) = -179*j - 2. Is n(y) composite?
True
Let i(q) = -3*q**3 - q**2 - 12*q + 197. Is i(-12) a prime number?
True
Suppose -3*u + 5*u - 46 = 0. Let z = -174 - -158. Let q = u - z. Is q a prime number?
False
Suppose -3*f - 16 = -2*f + 4*m, -f + 24 = -4*m. Suppose 5*y = -5*b + 2358 + 3877, -5*y - f*b = -6231. Is y composite?
True
Let v(a) = 9*a + 12. Let n be v(-5). Let x = n - -41. Is (5 + -3)/(x/868) a composite number?
True
Suppose 20198 = 76*t - 74*t. Is t a prime number?
True
Suppose 0 = -139*m + 124*m + 525. Is m a prime number?
False
Let y(a) = -166*a - 4. Let f be y(-4). Suppose 5*r = r + f. Suppose -5*c + r = -2*c. Is c composite?
True
Let g = 7 + -5. Suppose -g*o + 4*o - 1 = -5*r, o + 4 = 2*r. Is 3/((-6)/(-250)) - o a composite number?
False
Is 16773*3/(-27)*-3 a prime number?
True
Let p(f) = f**3 - 22*f**2 - 41*f - 3. Let q be p(17). Let k = 188 - q. Is k composite?
False
Suppose 14*m = 30*m - 129328. Is m a composite number?
True
Suppose -3*z + 3*r = -17175, 0*r - 4*r + 17161 = 3*z. Is z a composite number?
True
Let z(x) be the first derivative of x**4 - 2*x**3/3 - 5*x**2/2 - 17*x - 20. Is z(6) prime?
False
Suppose -3*n - 16 = -6*n + 2*j, 0 = -3*n + 3*j + 18. Let q be 8 - (-2 - -4) - n. Suppose 1113 - 355 = q*m. Is m composite?
False
Let b(k) = 3*k**2 + 3*k + 2. Let r be b(-2). Suppose -5*m = -r*m + 141. Is m composite?
False
Let t = -2621 + 29074. Is t a composite number?
True
Suppose -2*q = 2*q - 8. Suppose 15*v = 13*v - 2. Is -79*(1 + q/v) a prime number?
True
Let q(t) = t**3 + 5*t**2 + 5*t + 2. Let n be q(-3). Let u(j) = 8*j**2 - 7*j - 8. Is u(n) composite?
False
Suppose 4*f + 2*s - 412 = -98, -397 = -5*f + 2*s. Let i = -13 + f. Let g = 23 + i. Is g prime?
True
Let k = 2759 - 1870. Is k a prime number?
False
Suppose -4 + 13 = 5*k + 2*o, -5*k + 6 = 3*o. Suppose k*y + y + 2*h = 418, 3*h + 9 = 0. Is (y/3)/(8/12) prime?
True
Let g(y) = -y**3 - 2*y**2 - 2*y + 7. Let a be (-1*1)/(6 + -5). Let n be (2 + a)/((-7)/42). Is g(n) a composite number?
False
Let s = -114 - -68. Let r = 80 + s. Let a = 205 + r. Is a a prime number?
True
Let s(h) = -h**2 - 10*h - 15. Let f be s(-8). Suppose -4*v + 16 = -3*k, -5*k - v + 4 = -2*k. Suppose 0 = -5*r + 4*r - f, k = 4*j - r - 157. Is j composite?
True
Suppose -5*r + 364 = 3*y, -5*r + 2*r = 2*y - 241. Suppose 1288 = 5*g + y. Is g prime?
False
Let d(h) be the third derivative of -h**5/30 - h**4/12 + 5*h**3/2 - 3*h**2. Is d(0) composite?
True
Suppose 2*v - 6*v + 66 = 2*z, -4*v + 61 = z. Let u(f) = 2*f - f**3 - v*f + 19 + 4*f - 8*f**2 + 2*f**2. Is u(-8) a prime number?
True
Suppose -t = -3*n + 3, -3*t + 6*t + 9 = 0. Suppose 5*j + 2*i = 10, n*j - 4*i = 5*j. Suppose -43 = -j*u + 105. Is u prime?
True
Let k(i) = -239*i**3 + 5*i**2 + i + 4. Is k(-2) a composite number?
True
Let g = -80160 - -120205. Is g a prime number?
False
Let u = 478 + -145. Suppose -5*o = 3*h - 1682, 3*h = h - 2*o + 1116. Let p = h - u. Is p composite?
True
Let w(p) = 5*p**3 + 10*p**2 + 4*p - 5. Let v(x) = 4*x**3 + 10*x**2 + 5*x - 5. Let f(c) = -3*v(c) + 2*w(c). Is f(-6) composite?
True
Let z = -21182 - -60655. Is z a composite number?
True
Is 96173/77 - 1*(-4)/1 prime?
False
Suppose 8854 = -2*g + 24978. Suppose 4*s - g = -2974. Suppose 4*d - s = -380. Is d prime?
True
Is 1*(3 + 340/(-15))*-87 composite?
True
Let z(y) = -41 - 4*y**2 + 171*y**3 + 2*y**2 + 39 + 809*y**3 + 3*y. Is z(1) prime?
False
Suppose -33*o + o = -181408. Is o prime?
True
Let d = 17608 - 9045. Is d a prime number?
True
Let x = -41 - -38. Is 490 + x/3 + 4 prime?
False
Let y = -17 + 3834. Is y composite?
True
Let k(p) = -7 + 21 + 60*p + 15. Is k(10) composite?
True
Let s be ((-6)/(-4) + (-2)/4)*4. Suppose 1 = -u - s, -5*b = -u - 2790. Is b a prime number?
True
Suppose 3*x + 2*r - 8797 = 6*r, -2*x + 4*r + 5870 = 0. Is x prime?
True
Suppose 0 = 4*s - 2*t - 276, -3*s - 51 = -t - 256. Suppose -4*w - 3*v + 0*v + s = 0, -3*v + 54 = 3*w. Let f = w - -49. Is f composite?
True
Let a = 0 + -1. Let h be -2 + a + (5 - 2). Suppose 5*q + 396 - 991 = h. Is q a composite number?
True
Suppose -2*z - 2*z = 16. Let y be -3 - (-3)/((-12)/z). Is y/(-1) - (-2 - 18) a prime number?
False
Is (-8229)/(-3) - (-9 + 3 + 6) a composite number?
True
Let c = 10 + -3. Suppose -2*x = -c*x. Let w(f) = -2*f + 293. Is w(x) a composite number?
False
Let r be 1/5 - (-2118)/10. Let w = r + -93. Is w composite?
True
Suppose 9*m - 80 = m. Is 74/(3*m/285) a composite number?
True
Let l(d) be the third derivative of -19*d**6/40 + d**5/15 + d**4/24 - d**3/6 + 49*d**2. Is l(-1) a composite number?
False
Let d = -13289 - -18850. Is d a composite number?
True
Suppose -3*s = -5*m - 4443, -4*s = -7*m + 3*m - 5924. Is s composite?
False
Suppose -f = -5*f + 28. Let d be (7 - 7)*2/(-4). Suppose d = -2*y + f*y - 785. Is y a composite number?
False
Suppose -3508 = 6*q - 10*q. Is q a prime number?
True
Suppose 2*i - 18 = -0*i - 2*g, -5*i + 5*g = -45. Suppose -y + 3 = -3*l - 11, -3*l = i. Suppose -p + 56 = y*x, -4*x = -7*x + 2*p + 31. Is x composite?
False
Is (2 - -4) + 1 + 2602 composite?
False
Suppose v - 5*v + 4*h - 14372 = 0, 0 = 4*h - 12. Let a = 611 - v. Is a a prime number?
True
Suppose -2*o + 266 = -5*i + 2*o, o + 1 = 0. Is (-4)/((-12)/(-9)) - i prime?
False
Let q(j) = 87*j**2 + 9*j - 17. Is q(-3) a composite number?
False
Is ((6 + 7821)*(-6)/9)/(-2) composite?
False
Let i(m) = 21*m**2 + 5*m - 66. Let u be i(-27). Suppose 4*z - 10*z = -u. Is z a composite number?
True
Suppose 5*m = 10, 5 = 2*t - 4*m + 3. Is t/((-10)/(-4))*699/6 a composite number?
False
Let q = -1678 - -8241. Is q composite?
False
Let t be (-1)/(2/(-4)) + 0. Suppose 7*s - 2*s = 5*z + 1360, 0 = s + t*z - 263. Let r = -46 + s. Is r prime?
True
Let p(l) = 48*l**2 + 13*l. Let m(k) = -241*k**2 - 66*k - 1. Let s(a) = 2*m(a) + 11*p(a). Is s(4) a composite number?
True
Let i = 9 + -2. Suppose 4*s = i*s - 2124. Let t = s - 497. Is t a composite number?
False
Suppose 4*s + 4*k = 4, 3*k + 15 = -0*k. Let h(q) = q**3 - 5*q**2 - 5*q - 6. Let u be h(s). Suppose u = 4*i - 287 - 549. Is i a composite number?
True
Let x = 49 - 30. Suppose 266 = -x*y + 21*y. Is y prime?
False
Suppose -3*i = o + 6, 2*i = -0*o + 2*o - 4. Let t(s) = -s**3 + s**2 + 19. Let m be t(o). Let q = m + 282. Is q a prime number?
False
Suppose 2*a + 2*c - 12 = 0, -5*a + 70 - 26 = -2*c. Is (-9)/(-12) + 706/a composite?
False
Suppose 3233 = -5*z - 917. Let b = 849 - z. Suppose b = 4*s + 123. Is s composite?
False
Suppose -8*m = -45*m + 420653. Is m prime?
True
Suppose -2*z + 5*l + 3 = 0, 0 = z + l - 2*l. Let f = -11 - z. Is 27 - 5/(f/(-4)) prime?
False
Suppose 3 = 5*p - 6*p. Is 1 + (p - -1) + 292 a prime number?
False
Let x(u) = u**3 - 11*u**2 - 10*u - 14. Let b be x(12). Let c(w) = 2*w**3 - w**2 - 16*w - 5. Is c(b) a prime number?
False
Let p(w) = 41*w - 8. Let c be p(5). Let v = -108 + c. Is v composite?
False
Let x be (2 + 0)/(10/(-75)). Let j = -26 - x. Let z(m) = 4*m**2 - 2*m + 5. Is z(j) a composite number?
True
Let o = 25 - 19. Suppose 1 - o = -y, 3*w = y + 25. Is w a prime number?
False
Suppose -f - c + 19344 = 0, 7*f - 4*f + c = 58038. Is f composite?
True
Suppose -359*z + 9791 = -358*z. Is z composite?
False
Suppose -3*c = -4*y + 20653, -2*c - c = -y + 5152. Is y prime?
True
Let m = 1827 - 1227. Let o = m + 481. Is o a prime number?
False
Let t(r) = 4 - 8 - 10*r + 23*r - 7 - r**2. Let v be t(11). Suppose 0 = j + k - 7 - v, -2*k = 3*j - 55. Is j composite?
False
Let m(q) = q. Let n be m